 36*h - 88. Let b(r) = 5*d(r) - 7*g(r). Determine b(-17).
0
Let u(f) = f**3 - 10*f**2 - 11*f + 3. Let i be u(11). Let x be (i/(-6))/(((-14)/20)/(-7)). Let b(p) = p**3 + 4*p**2 - 6*p + 5. Calculate b(x).
10
Let s(o) = 166*o + 326. Let a(z) = -20*z - 40. Let v(q) = 17*a(q) + 2*s(q). Calculate v(6).
-76
Let b(o) = -6 - 4 - o + 22 - 4*o + 14. Calculate b(6).
-4
Let o(f) = 7*f + 6. Let g = -9604 - -9603. What is o(g)?
-1
Suppose 2*s = 5*r - 20, 506*r - 12 = 2*s + 505*r. Let w(d) = -11*d - 61. Calculate w(s).
-6
Let p(m) = 1 + 0*m + 2 + 2*m. Suppose -4*q = -3*l - 39, 193*q - 24 = 191*q + 2*l. Determine p(q).
9
Let b = 351522 - 351531. Let p(g) = g**3 + g**2 + 1. Let v(q) = -4*q**3 + 3*q**2 - 10*q - 1. Let i(k) = -5*p(k) - v(k). What is i(b)?
-13
Let s(g) = -29*g - 7. Let m(x) = -405*x - 102. Let d(b) = 6*m(b) - 87*s(b). Determine d(1).
90
Let z(i) = -4*i**2 - i**3 - 3347 + 3*i**2 - 2*i**3 + 3334 - i + 2*i**3. Calculate z(4).
-97
Let f(l) = -l**2 - 6. Let i(a) = a**3 + 147*a**2 - 446*a + 604. Let o be i(-150). Give f(o).
-22
Let y(v) be the first derivative of 0*v**2 - 2*v**3 - 7*v + 34 + 1/4*v**4. Suppose 2*r + 6*i - 5*i - 9 = 0, -21 = -r + 5*i. Determine y(r).
-7
Let l(g) = g**2 - 46. Suppose 861*h - 835*h = 0. Give l(h).
-46
Let x(q) = -2*q**3 - 11 - 2*q**3 + 2*q - 152*q**2 + 144*q**2 + 2*q + 3*q**3. Give x(-9).
34
Let y(h) = -7*h - 7. Let j(b) = -16*b - 16. Suppose -12 = 2*u + 3*w - 1, -20 = -5*u + 2*w. Let p(o) = u*j(o) - 5*y(o). What is p(-2)?
-3
Let t(n) = -n**3 - 21*n**2 - 19*n + 34. Let j be t(-20). Let c(o) = 0 - 1 + 25*o - 10*o - j*o. What is c(9)?
8
Let g(y) = 19*y - 23. Let q(c) = -6 + 33*c + 0 - 23*c - 4 - 4. Let n(a) = 3*g(a) - 5*q(a). Suppose w + 2 = -3*l - 1, -4*w - 2 = 2*l. Determine n(l).
-6
Let c(q) be the second derivative of -1/60*q**5 + 0 - 16*q + 1/6*q**4 - 6*q**2 - 1/3*q**3. Let p(s) be the first derivative of c(s). Determine p(5).
-7
Let t = 6 - 3. Let n(y) = -y**2 + y - 6. Let p(l) = -l**2 + l - 7. Let v be 1*(-35)/(49/7). Let g(h) = v*p(h) + 6*n(h). Give g(t).
-7
Let b(v) = 6*v**3 + 2*v + 1. Let t(q) = -2 + 3 - 533*q**2 - 5*q + 535*q**2. Let x be t(2). Give b(x).
-7
Let m be 3/(-4) + -6 + 129/12. Let q(t) = -2*t**2 + 16*t - 30. Give q(m).
2
Suppose -32*b - 84 = -44 + 56. Let q(y) = -39*y + 4. Calculate q(b).
121
Suppose -m = -n - 2*n - 352, n + 3*m = -134. Let h = n - -128. Let a(t) = -t**2 + 12*t - 8. Determine a(h).
19
Let j(c) be the third derivative of 0 - 1/6*c**3 + 7/24*c**4 + 0*c + 79*c**2. Give j(-1).
-8
Let p(x) = -4 - 5*x**2 + 4*x**2 + 3*x - 3*x + 2*x**2. Suppose 0 = -2*o + 3*z + 29, -5*o - z = -83 + 19. Suppose -32 - 2 = -3*k + 5*m, 2*m = k - o. What is p(k)?
5
Let c(o) = o + 5. Let l = 16 + -12. Suppose 12 = l*r - r. Let m(y) = -y - 5. Let w(s) = r*c(s) + 3*m(s). What is w(-5)?
0
Suppose 5*t + 2*r - 41 = 0, -4*r = -2*t - 9 - 13. Let d(v) = -3*v. Determine d(t).
-15
Let b be (-132)/15 + 12/(-60). Let a(f) = -f**2 - 11*f - 10. Calculate a(b).
8
Let y be 0 + 1 + 0 + 1. Let r(s) = 7*s**2 + 2 + 1 - s**3 - y*s**2. Suppose -102*t - 137*t = -303*t + 320. Give r(t).
3
Let f be 1075/55 - 30/55. Suppose 0 = -6*r - f - 23. Let n(u) = -u**3 - 7*u**2 + 2*u. Calculate n(r).
-14
Let i(c) = -8*c. Suppose -3*m - 4*q + 7 = 0, 25*m - 20*m + 5*q = 15. Suppose -g + 2*l = -5*g + 20, m*g - 25 = -l. Give i(g).
-40
Let y(b) = 24 + 186*b**2 - 54*b**2 - 34*b - 50*b**2 + b**3 - 73*b**2. What is y(-12)?
0
Let l(g) = g + 255 - 187 - 87. Let v = 26 - 15. Determine l(v).
-8
Let k(u) = u - 3. Suppose 5*z = -61 - 59. Let m(a) = -a**3 - 25*a**2 - 26*a - 44. Let h be m(z). What is k(h)?
1
Let n(t) be the second derivative of -t**4/3 - t**3/6 + 4*t - 12. Give n(-1).
-3
Let r(k) = k**3 - 14*k**2 - 14*k - 20. Let g be r(15). Let f be (-1)/4*(-40)/g. Let v(i) = -i**2 + 4*i + 5*i**2 - 2*i. What is v(f)?
12
Let l(d) = -4*d + 25. Let r(h) = -2*h + 13. Let f(y) = -6*l(y) + 13*r(y). Let p be 13/(-65)*-35 + 3. What is f(p)?
-1
Suppose -2*n - 25 = -3*u + 862, -3*u + 883 = -4*n. Let g be (2/(-3))/((-22)/u). Suppose -11*l + g = -8*l. Let a(m) = -2*m**2 + 3*m - 4. Give a(l).
-13
Suppose 5*j - 88 = -2*t, 0 = 2*t + 2*j - 6*j - 124. Let o be (1 + -7)/(48 - t). Let a(f) be the second derivative of -7*f**3/3 + f**2/2 - 2*f. Calculate a(o).
-13
Let a(x) = 0*x**2 + 16995*x - 5 - 17004*x + x**2. Let o be 4/34 - 1044/204. Let m(h) = -h + 4. Let k be m(o). Give a(k).
-5
Let h(s) = 14*s**2 - 13*s**2 + 9*s - 23*s + 4*s + 8*s. Give h(4).
8
Let d be ((-38)/7 - -1) + (-666)/(-1554). Let f(g) = -g**3 - 7*g**2 - 5*g + 4. What is f(d)?
-24
Let r(i) be the first derivative of -3*i + 201 + 2*i**2 - 1/3*i**3. What is r(5)?
-8
Let w be ((-5)/4)/((-1)/4). Let m(t) = 8 + t**2 + 149575*t - 74789*t + 3 + 1 - 74792*t - 6. Calculate m(w).
1
Let p(l) = -l**3 - l**2 + 4*l - 5. Suppose 118 = -92*y - 158. What is p(y)?
1
Let p(m) = -7*m - 2. Suppose -3*l + 21 = -3*h, 43*h = 38*h. Calculate p(l).
-51
Let q(p) = p - 1. Let c(v) = 8*v + 53. Let b be c(-6). Suppose -5*y + b = 3*k, k - 5*k - y - 16 = 0. Calculate q(k).
-6
Let n = -17 + 31. Suppose -2*j = -n + 2. Let u(i) = -1 + 1 - i**2 - 1 + 3 + j*i. Give u(7).
-5
Let k(j) be the third derivative of -j**4/6 + 37*j**3/6 - 116*j**2 + 5. Calculate k(13).
-15
Let l(f) = -f**3 + 5*f - 1. Let o(c) = -6*c**3 + 69*c**2 + 58*c - 106. Let d(u) = 4*l(u) - o(u). Calculate d(35).
-3
Suppose 0 = -5*r + 4*x - 8, 109*x - 106*x = 6. Let o(z) = -z**3 + z**2 + 3*z + 8. Calculate o(r).
8
Let g(h) = -h**3 - 5*h**2 - 2*h - 5. Let k be g(-4). Let v(p) = -8*p**3 + 0*p**3 + 141*p - 316*p + 161*p + 12*p**3 + 12*p**2 - 16 - 3*p**3. What is v(k)?
-3
Suppose -32*a = -167 + 967. Let f be a/15*-9 + -6. Let v(w) = -2*w**2 - 10*w + 6. Let x(g) = 3*g**2 + 20*g - 11. Let z(q) = 5*v(q) + 3*x(q). Calculate z(f).
6
Let m(r) = -r - 2. Let v be (-20)/(-6) - ((-14)/21)/(-2). Suppose -v*o - 7*o = -0*o. Determine m(o).
-2
Let r(m) = -6*m**3 - 2*m**2 - 81*m - 21. Let u(s) = -s**3 - s**2 - 18*s - 1. Let i(j) = -r(j) + 5*u(j). What is i(5)?
21
Suppose 42*m - 2010 + 5160 = 0. Let a = m - -69. Let j(t) = -5*t - 4. Determine j(a).
26
Let j(b) = -b**2 + 7*b - 4. Let n be j(6). Let r(t) = t**2 - 28*t + 97. Let o be r(24). Let a(h) = -246*h**n + 244*h**2 - 1 + 4*h - o. Calculate a(2).
-2
Let l(w) be the second derivative of 2*w**2 + 3/2*w**3 + 1/12*w**4 - 2*w + 2. Give l(-8).
-4
Let y(q) = 776 - 773 + 2*q**2 + q**3 + 3*q - 10*q**2. Give y(4).
-49
Suppose -109*k + 161*k - 260 = 0. Let l(r) = r**3 - 5*r**2 - r + 5. Calculate l(k).
0
Let k = 2668 + -2654. Let l(p) = -p**3 + 16*p**2 - 30*p + 20. What is l(k)?
-8
Let q(i) = 11*i**3 + 27*i**2 - 27*i - 37. Let s(x) = 12*x**3 + 28*x**2 - 28*x - 38. Let j(b) = -11*q(b) + 10*s(b). Calculate j(-18).
45
Let g(i) be the second derivative of i**6/90 + i**5/120 + 13*i**4/4 - 4*i - 3. Let a(u) be the third derivative of g(u). Determine a(3).
25
Let p(l) = l - 12. Suppose w - 39 - 7 = 0. Let h = 240 - 286. Let c = h + w. Calculate p(c).
-12
Let t(w) = -3*w**3 - 10*w**2 - 2*w + 14. Let h = -351 - -353. Let z(a) = 5*a**3 + 9*a**2 + 2*a - 15. Let p(k) = h*z(k) + 3*t(k). Give p(12).
-12
Suppose -39*q + q - 4028 = 0. Let w = q - -113. Let n(j) = -2*j + 8. Give n(w).
-6
Let b(y) = 2*y**2 + 3*y - 2. Suppose -5*o - 35 = -5*q, -3*o + 5*q = -0*q + 23. Let u be b(o). Let j = -49 + u. Let l(d) = 2*d. Determine l(j).
6
Let t(w) = w**2 - 15*w - 48. Suppose 55*s - 2218 = -1283. Calculate t(s).
-14
Let l = 512 + -509. Let s(h) = l*h**3 - 4*h**3 - 1 + 11*h + 2*h**3 + 3 - 12*h**2. What is s(11)?
2
Let c(o) = -21*o + 1. Suppose 0 = 12*m - 1490 - 3166. Let s = m - 389. Determine c(s).
22
Let k(z) = -z - 2. Let h(l) be the third derivative of 0*l - 12*l**2 + 1/60*l**5 + 5/6*l**3 - 11/24*l**4 + 0. Let w be h(11). What is k(w)?
-7
Let m(u) be the second derivative of 2*u**3 - 21*u**2/2 - 4524*u. Give m(4).
27
Suppose 2*g + 2 = g + w, 4*g + 26 = -5*w. Let n(a) = -3*a + 7. Let t(l) = 12*l - 30. Let o(f) = 25*n(f) + 6*t(f). What is o(g)?
7
Let r(b) = -2*b**3 - 5*b**2 - 2*b + 1. Let l = 13 - 9. Suppose y + 1 = -2*i, -l*y + 2 - 6 = -5*i. Suppose 2*p + 2*c + i*c + 4 = 0, -2*c = -5*p - 17. Give r(p).
16
Suppose -4*r = 3*i + 13, -5 = 2*i - 3*r - 2. Let t(a) = 5*a - 13. Suppose h = 23*h - 154. Let y(k) = 3*k - 9. Let l(p) = h*y(p) - 5*t(p). Calculate l(i).
14
Let q(u) = u**2 + 7*u - 4. Let 